the units digit of r(c)?
4
Let f(s) = -s**3 - 4*s**2 + 2*s - 12. Let h be f(-5). What is the units digit of (-30)/(-10)*(-1 + h)?
6
Suppose i = -4*i + 5. Suppose -g + i + 11 = 0. Let w = g - -1. What is the units digit of w?
3
Let t be 44/(-6)*(-27)/9. Let r = 34 + -59. Let q = t - r. What is the tens digit of q?
4
Suppose -3*h - 66 = -z, -5*z + 122 = h - 128. What is the tens digit of z?
5
Let g be (-71)/4 + (-6)/24. Let y be 21/(-7) - (g + 1). What is the units digit of y/6 + 12/18?
3
Let u be 196/91 + 6/(-39). Suppose 1 = -c + 5*g, -u*g + 19 = 4*c + g. What is the units digit of c?
4
Let k be 5/10 + 3/(-6). What is the units digit of 12/(-9)*(-6 - k)?
8
What is the hundreds digit of (-2 - -1196)*(-85)/(-30)?
3
Let i = -118 - -207. Let t = -63 + i. What is the units digit of t?
6
Let o(z) = -4*z**3 - 31*z**2 - 18*z - 25. What is the thousands digit of o(-10)?
1
Let g = 1115 - -2875. What is the tens digit of g?
9
Let i be (1 - -2) + (-2 - (2 + -3)). Let y(k) = k**2 - 8*k + 3. Let u be y(8). Suppose -u*c + 85 = i*x - 8*c, 5*c = -x + 80. What is the tens digit of x?
5
Suppose 5*o - 2 = -3*u, -5*u - 4*o + 15 = 3. Suppose u*q = -q. Suppose q = 5*s - 3*r - r - 34, 2*r - 28 = -5*s. What is the units digit of s?
6
Suppose 2*f - 6*f = -16. Suppose -1 - 9 = -5*s. Suppose -3*a = -f*x + 196, -s*x + 49 = -x + a. What is the tens digit of x?
4
Let z(s) = s**3 - 10*s**2 + s - 1. Suppose 9*u - 4*u + 5*o = 50, 2*o + 10 = u. Let f be z(u). Suppose -4*v + f = -3*v. What is the units digit of v?
9
Suppose 0 = -59*a + 58*a + 520. What is the hundreds digit of a?
5
Suppose 4*g = 3*m - 23, 3*g - 5*m + 16 = -3*m. Let k(z) = 5*z**2 + 2*z - 2. Let u be k(g). What is the units digit of u/((-3)/6*-2)?
4
Let h(n) = -3*n + 4. Let l = -4 + -6. Let v be h(l). Let p = 58 - v. What is the tens digit of p?
2
Let p = 553 + -313. What is the units digit of p?
0
Let w(d) = -d**3 + 2*d. Let p be w(2). What is the tens digit of 32/(-12)*((-30)/p)/(-1)?
2
Let m(v) = -v**3 - 23*v**2 + 47*v + 76. What is the thousands digit of m(-28)?
2
Let w(y) = -y**3 - 2*y**2 - 2*y - 11. Let a be ((-3)/2 + 4)*(-2)/1. What is the units digit of w(a)?
4
Let m(f) = f**3 - 10*f**2 - 5*f + 6. What is the units digit of m(11)?
2
Suppose 24 = -2*x + 2*s, 2*x + s + 7 = -11. Let b be 5/2 - (-5)/x. Suppose -q + b*q = 3. What is the units digit of q?
3
Suppose -337 = -2*f - 5*u, 0 = 2*f - 0*u - u - 331. Let m = 314 - f. What is the hundreds digit of m?
1
Let r(j) = 55*j**2 + 16*j + 12. What is the units digit of r(-5)?
7
Let j(g) be the second derivative of 10*g**3 + 7*g**2/2 - 23*g. What is the units digit of j(1)?
7
Let o(c) = -c**3 - 8*c**2 + 3*c - 3. Let t be o(-8). Let u be (-1 + 2)/(10/(-170)). Let g = u - t. What is the tens digit of g?
1
Let m = -928 - -2277. What is the hundreds digit of m?
3
Suppose 5*a + 403 = 4*q, -3*a + 2*a = 3*q - 307. Let v be ((-64)/(-24))/(4/q). What is the units digit of 14/(-4)*v/(-7)?
4
Suppose -5*m + 1934 + 336 = 0. What is the hundreds digit of m?
4
Suppose -2*q - 772 = -2*a, -2*a + 114 = q - 646. Suppose 0 = n + a + 136. What is the units digit of n/(-84) + 2/(-12)?
6
Let y = 58 - -623. What is the tens digit of y?
8
Let o be ((-6)/(-3) + -2)*1. Let t = -11 - o. What is the tens digit of t*(-1 + 2 + -2)?
1
Suppose -3*t + 181 = 13. Suppose 32*a - t = 28*a. What is the tens digit of a?
1
Let b be 1 + 139 - 1/1. Suppose n - b = 29. What is the units digit of n/44 - (-2)/11?
4
Let j = 3610 + -1851. What is the tens digit of j?
5
Suppose -3*c = 2 - 17. Suppose -r - c*t + 23 = 0, -4*r + 2*r - t + 10 = 0. What is the units digit of r?
3
Let z = 1654 - 875. What is the tens digit of z?
7
Let w(d) = d**3 - 15*d**2 + 18*d - 17. Let m(g) = 4*g - 46. Let u be m(15). What is the units digit of w(u)?
9
Let j(i) be the third derivative of i**5/30 + i**4/6 + 4*i**3 - 17*i**2. What is the units digit of j(-10)?
4
Suppose 3*m = l - 350, 0 = -2*l + m + 273 + 427. What is the tens digit of l?
5
Let b = -16 - -133. Let w = b + -69. What is the units digit of w?
8
Let c(b) = 5*b + 110. Suppose 4*i + i = -0*i. What is the units digit of c(i)?
0
Suppose -v = -4*h - 0 + 10, v + 10 = 2*h. Let a be ((-86)/v + -2)*30. What is the units digit of 3/(-2) - a/(-36)?
4
What is the hundreds digit of 4148/36 - 22/99?
1
Let q(n) = 15*n - 18. Suppose -6*w + 72 = 24. What is the units digit of q(w)?
2
Let k(y) = y**2 + 4*y - 5. Let i be k(2). Suppose i*r + 231 = 917. What is the units digit of r?
8
Let a(t) = -t**2 + 10*t + 2. Let b = 24 - 14. Let i be a(b). Let s(r) = 10*r + 1. What is the units digit of s(i)?
1
Suppose -2 = -2*t, -7*t - 3 = -2*o - 2*t. Suppose 0*d = o*d - p - 469, -p = d - 121. What is the units digit of d?
8
Let t = -19 + 21. Suppose 0 = -0*l - t*l + 120. What is the units digit of l?
0
Let v be (-1)/4 - (-1)/4. Suppose v = 2*w + 2*t - 6, -2*t + 4*t = -4*w + 2. What is the units digit of 140/15 + w/6?
9
Let f be (-6)/3 - (3 + -5). Let w be ((-2 - -1) + f)/(-1). What is the units digit of (-8 + 4)*(-2 + w)?
4
Suppose 2*c + 2*k - 107 = 81, 4*c = 2*k + 370. Suppose 0 = 2*f - 203 - c. What is the tens digit of f?
4
Let p(b) = 293*b**2 + 36*b + 15. What is the units digit of p(4)?
7
Suppose 14715 = -19*u + 46*u. What is the tens digit of u?
4
What is the thousands digit of 1036 - (-9)/((-54)/(-48))?
1
Let k be (-50)/(-4) - (-1)/(-2). Suppose -k = -0*a - 2*a. What is the units digit of a/(-9)*-15 - 2?
8
Let m(s) = -s**2 - 6*s - 5. Let t be m(-5). Suppose 0 = 3*x - p - 72, -4*x - p + 0*p + 96 = t. Suppose -14*i + 11*i = -x. What is the units digit of i?
8
Let o = -1010 - -682. Let u = -134 - o. What is the units digit of u?
4
Let a be 20*(-1 - 0 - 1). What is the units digit of (-976)/a - 6/(-10)?
5
Let f(g) = -2*g**3 + 17*g**2 + 10*g - 13. Let n be f(9). What is the units digit of 20 - 8/(-4) - n?
6
Suppose 8*a - 525 = 3*a. Let b = a + -69. What is the tens digit of b?
3
What is the hundreds digit of 3 - (-160 + 0 + 2 + 3)?
1
Let c be 128/3 - (-1)/3. Let x = c - -32. Suppose -6*s + 9*s = x. What is the tens digit of s?
2
Let n = 36 + -23. Suppose -8 = -3*q + n. What is the units digit of q?
7
Let x = -166 + 180. Suppose -y = -x*y + 351. What is the tens digit of y?
2
Let w = -1612 + 2445. What is the hundreds digit of w?
8
Suppose 8*t - 4 = 12. Suppose 4*g - 64 = -0*g + 3*z, 0 = t*g + z - 22. What is the tens digit of g?
1
Suppose -t + 455 = f, -5*f - 1004 + 3311 = -3*t. What is the units digit of 1/(-2) + f/6?
6
Suppose -8*y = -10*y + 4. Suppose -2*r - 22 = y*m + 2*m, -3*r - 15 = 0. What is the units digit of 4 - (9 + m) - -54?
2
Let z(a) = -5*a**3 - 19*a**2 - 20*a + 17. Let b(p) = 2*p**3 + 6*p**2 + 7*p - 6. Let h(y) = -8*b(y) - 3*z(y). What is the tens digit of h(5)?
1
Let k = 60 - 35. Suppose 1 = 3*r + k. What is the units digit of (6/r)/(6/(-72))?
9
Let t(n) = -n**3 - 3*n**2 - n + 423. What is the hundreds digit of t(0)?
4
Let o = 55 + -52. Suppose m - 3 = -2*m, 423 = 5*h + o*m. What is the units digit of h?
4
Let x(b) = -4*b + 4. Let p be x(-4). Suppose -p = 3*s - 7*s. What is the units digit of s?
5
Let a = -256 + 511. What is the tens digit of a?
5
Suppose -3*v - 15 = -2*s + 16, -3*v - 53 = -4*s. Suppose 0 = -2*g + s + 19. What is the units digit of 6/g - 472/(-20)?
4
Let u be (-570)/(-21) + 5/(-35). Suppose r = -0*r + u. Suppose 5*o = w + 93, -5*w - 6 = -o + r. What is the tens digit of o?
1
Let j(y) = -y**3 - 3*y**2 - 3*y + 1. Let q be -5 - ((2 - 2) + -1). What is the tens digit of j(q)?
2
Let m = 11 + -7. Suppose -29 = -m*y - 9. What is the units digit of y?
5
Let d(i) = -3*i**2 - 2*i + 1. Let y be d(1). Let f be (-123)/(-41)*(-52)/6. Let s = y - f. What is the tens digit of s?
2
Let d(b) = b**2 - 4*b. Let l be d(4). Suppose s - 2 = -l*s, -s + 42 = -2*v. What is the tens digit of v/(-2)*(-48)/(-30)?
1
Suppose 16 = 4*i + 4*i. Suppose 47 + 1055 = 4*c + i*w, -5*c - 4*w = -1376. What is the hundreds digit of c?
2
Let a(k) = k**2 - 15*k + 30. Let g be a(12). Let h(m) = 2*m**2 - 5*m + 15. What is the units digit of h(g)?
7
Let h be 2 - (3/(-2) + 1)*-4. What is the tens digit of (-4 - 7) + 8 + (h - -75)?
7
Suppose 3*v + 33 = -b, 3*b = 5*v + 17 - 46. Let i(z) = -z**3 - 17*z**2 + 6*z - 9. What is the tens digit of i(b)?
0
Let d(r) = 5*r**3 - 11*r**2 - 14*r - 26. What is the tens digit 